True
Is 3241070561 composite?
True
Is 191007967471 composite?
False
Is 589062865 a composite number?
True
Is 43778630221 a prime number?
True
Is 82004635 a composite number?
True
Is 580212613 a composite number?
True
Is 5162279429 a prime number?
True
Is 42633386717 prime?
False
Is 755743321 prime?
True
Is 3732624541 prime?
False
Is 5522295143 prime?
False
Is 331919363 a composite number?
True
Is 4243101953 composite?
True
Is 11848600265 composite?
True
Is 26758565509 composite?
True
Is 35328700441 composite?
True
Is 49512779 composite?
False
Is 202472348119 a composite number?
False
Is 39219350579 a prime number?
True
Is 22650335317 composite?
True
Is 20988631957 a prime number?
True
Is 1302700199 prime?
False
Is 2621823826 composite?
True
Is 27960633887 a composite number?
False
Is 4577087351 prime?
True
Is 234582287 a prime number?
False
Is 1017166199 composite?
True
Is 9490148771 composite?
False
Is 1130450093 prime?
False
Is 131307129623 composite?
True
Is 12714788131 composite?
False
Is 7948842557 a prime number?
True
Is 19998904711 a composite number?
True
Is 18259927039 a composite number?
False
Is 2339323737 a composite number?
True
Is 22893570173 prime?
True
Is 1623580719 composite?
True
Is 34564355471 a composite number?
False
Is 3579031 a prime number?
False
Is 506792665733 composite?
False
Is 798267101 a prime number?
True
Is 47788054667 a composite number?
True
Is 136136699 prime?
False
Is 76104315181 a composite number?
True
Is 9689354239 composite?
True
Is 878773513 a prime number?
False
Is 26727891923 prime?
False
Is 2161080011 a composite number?
False
Is 28716063667 prime?
True
Is 749831809 a prime number?
False
Is 551009039 a composite number?
True
Is 6098363287 a prime number?
True
Is 1080436207 a prime number?
False
Is 7312081367 a prime number?
True
Is 1187875163 a composite number?
True
Is 10211047607 a composite number?
True
Is 4107622117 a prime number?
True
Is 3204108247 a prime number?
False
Is 1909148989 a composite number?
True
Is 10563098605 a composite number?
True
Is 213790961 composite?
False
Is 7095317847 prime?
False
Is 27569848751 a composite number?
True
Is 18321660899 prime?
False
Is 558074371 a composite number?
False
Is 47336797 a composite number?
False
Is 95346075763 a prime number?
False
Is 164744303 a composite number?
False
Is 351675449 a composite number?
False
Is 92571440053 composite?
False
Is 19182080107 composite?
True
Is 507272417 composite?
True
Is 709902311 a composite number?
False
Is 69134555207 prime?
True
Is 3336774409 prime?
False
Is 361848527 prime?
False
Is 7555322627 prime?
True
Is 40653501431 prime?
False
Is 627379657 prime?
False
Is 24513875699 composite?
False
Is 6141361151 a composite number?
False
Is 6105513553 composite?
True
Is 533526971 prime?
False
Is 12608259203 composite?
True
Is 12758833579 a composite number?
True
Is 4674400901 prime?
True
Is 8819550233 a prime number?
False
Is 1104105887 a prime number?
True
Is 791973961 a composite number?
False
Is 147880063 prime?
True
Is 7967358947 prime?
True
Is 10372356991 a prime number?
False
Is 4471100879 composite?
True
Is 1051571527 a prime number?
True
Is 23492949353 prime?
False
Is 305234713 composite?
True
Is 3053409109 prime?
False
Is 14468930011 prime?
False
Is 377380457 a composite number?
False
Is 11391686729 a prime number?
False
Is 26396225657 prime?
True
Is 114847081 prime?
True
Is 810336697 composite?
False
Is 21670464603 a prime number?
False
Is 4193031019 a prime number?
False
Is 78946080491 a prime number?
False
Is 201172787 a prime number?
True
Is 2106313267 prime?
False
Is 25093013 prime?
False
Is 3036853907 a prime number?
False
Is 213715271191 composite?
False
Is 899404255 a composite number?
True
Is 7452038419 prime?
False
Is 166310119 prime?
False
Is 2740071491 composite?
True
Is 39078581 a prime number?
True
Is 9582850801 prime?
False
Is 417136177 composite?
False
Is 877347947 a composite number?
True
Is 259031263 composite?
False
Is 529761467 a composite number?
True
Is 321672199 composite?
True
Is 133500623 a prime number?
False
Is 1834851199 prime?
False
Is 2130598259 a prime number?
False
Is 136881322 a prime number?
False
Is 10963260533 a composite number?
False
Is 222152657 a composite number?
True
Is 49403826593 prime?
False
Is 58775009 composite?
False
Is 4843519733 a prime number?
False
Is 10220473519 composite?
True
Is 3893035165 prime?
False
Is 11110880899 a prime number?
True
Is 75810117233 a composite number?
False
Is 2245298963 composite?
True
Is 81364504139 a composite number?
False
Is 193358273 prime?
False
Is 109937666929 prime?
True
Is 54030920081 prime?
False
Is 84772703 composite?
False
Is 21574921 composite?
True
Is 7839121711 a prime number?
True
Is 7038139 a prime number?
False
Is 15001605049 a prime number?
True
Is 45962153 prime?
False
Is 1341973069 prime?
False
Is 13671490993 prime?
False
Is 1395624073 prime?
True
Is 1008149411 a prime number?
False
Is 20398925185 a prime number?
False
Is 11187272711 a composite number?
True
Is 22485851849 a composite number?
False
Is 77774144717 prime?
True
Is 16616933323 a composite number?
True
Is 2579550791 a prime number?
True
Is 2122099979 composite?
False
Is 1227203587 a prime number?
False
Is 920590301 a composite number?
True
Is 61778866327 a composite number?
True
Is 79134827 prime?
True
Is 7491112939 a prime number?
True
Is 379121453 a prime number?
True
Is 73046692826 a prime number?
False
Is 144337611079 a prime number?
False
Is 121764173 composite?
True
Is 6210830737 composite?
True
Is 3577805603 a prime number?
False
Is 4822629553 composite?
True
Is 301605013 composite?
False
Is 2740061473 prime?
True
Is 13348780099 prime?
True
Is 143833732703 a prime number?
True
Is 20501948783 a composite number?
True
Is 10715511841 composite?
False
Is 1049619583 composite?
False
Is 10907344417 a composite number?
True
Is 910779767 composite?
False
Is 2795428841 composite?
True
Is 181756087 prime?
True
Is 114194675519 composite?
False
Is 662602573 composite?
False
Is 3409168579 composite?
True
Is 8236738865 a composite number?
True
Is 1070554657 composite?
False
Is 18085167077 a prime number?
False
Is 370699123 a composite number?
True
Is 87236257 a composite number?
True
Is 56593003393 a composite number?
False
Is 6921729821 composite?
False
Is 5110717229 a composite number?
True
Is 771409679 a composite number?
True
Is 223921957 a composite number?
True
Is 21565656971 a prime number?
True
Is 18792792771 a composite number?
True
Is 178134476291 composite?
False
Is 3062480207 prime?
True
Is 4525613701 prime?
False
Is 808464731 prime?
True
Is 129676519453 prime?
False
Is 983037407 prime?
False
Is 2280700559 a prime number?
True
Is 1036959851 composite?
False
Is 227324731 a prime number?
False
Is 84061038749 a prime number?
True
Is 686772391 a composite number?
True
Is 24800909297 a composite number?
False
Is 165648911 a prime number?
False
Is 24431573471 composite?
False
Is 86045582089 prime?
False
Is 32128109711 a prime number?
False
Is 533327962 prime?
False
Is 437562919 a composite number?
False
Is 579453869 a prime number?
True
Is 319566383 composite?
True
Is 8990422498 a prime number?
False
Is 14955817153 prime?
True
Is 7203628129 a composite number?
True
Is 297288221 a composite number?
False
Is 3918399481 a composite number?
False
Is 5540443693 composite?
True
Is 24029075233 a prime number?
False
Is 21131523317 a composite number?
False
Is 2749490731 a composite number?
True
Is 850612141 composite?
False
Is 127516202423 a composite number?
False
Is 14152995491 a prime number?
True
Is 203975477419 composite?
True
Is 2644303111 composite?
False
Is 3205019951 a composite number?
True
Is 14888973189 a prime number?
False
Is 269280541 a composite number?
True
Is 17047569211 prime?
False
Is 8106659443 composite?
False
Is 415734091 composite?
False
Is 252314033 composite?
False
Is 3940514489 prime?
True
Is 8167460177 prime?
False
Is 36817980937 composite?
False
Is 8495200163 a composite number?
False
Is 257690963 a composite number?
True
Is 3374344763 composite?
False
Is 1060062106 prime?
False
Is 20727014179 composite?
False
Is 3381451547 a composite number?
False
Is 158099339 composite?
False
Is 5310251003 a prime number?
True
Is 1907218123